02. Let c be 20/(-15)*6/(-4). Suppose -c*v - 125 = -7*v. What is the remainder when r is divided by v?
23
Let o(f) = -f**2 - 13*f - 4. Let x be o(-9). Let l = 51 - x. Let q = 58 + -22. Calculate the remainder when q is divided by l.
17
Let u = -1 + 21. What is the remainder when 118 is divided by u?
18
Suppose 0 = 5*z - 6*z + 3*a, 0 = -4*a. Suppose n = -n - 3*y + 50, 4*y - 16 = z. Calculate the remainder when -54*(1 + -2) - -1 is divided by n.
17
Let l = 92 - 87. Calculate the remainder when 124 is divided by l.
4
What is the remainder when 30 is divided by 3/((-12)/(-40)) + 1?
8
Let k = -2 - 2. Let f(b) = -2*b**3 - 6*b**2 - b - 4. What is the remainder when f(k) is divided by 0 + 0/2 - -11?
10
Suppose -z - 126 = -2*o - 5*z, 315 = 5*o + z. What is the remainder when o is divided by 17?
12
Suppose 0 = f + 12 - 41. Suppose -a = -2*a + 10. What is the remainder when f is divided by a?
9
Let p = 532 + -374. Calculate the remainder when p is divided by 20.
18
Let g(l) = -3*l - 60. Calculate the remainder when 44 is divided by g(-24).
8
Let b(h) = h**2 - 22. Suppose -6*l + 2*l + 60 = 0. What is the remainder when b(-8) is divided by l?
12
Let j(p) = -2*p - 6. Suppose -9 = -3*k + 90. Let x be 6/k + 68/(-11). Calculate the remainder when 11 is divided by j(x).
5
Let i = -9 - -22. What is the remainder when i is divided by 12 - -3*(-4)/3?
5
Let b be 122/10 - (-2)/(-10). Suppose 13 + b = w. Calculate the remainder when w is divided by 13.
12
Suppose -l + 7 - 3 = 0. Suppose 0 = l*h + 9 - 77. Calculate the remainder when 33 is divided by h.
16
What is the remainder when 128 is divided by (14 - (-1 - -3))*126/56?
20
Let a(k) = -3*k**3 + 27*k**2 - 5*k - 15. Let v(p) = p**3 - 13*p**2 + 2*p + 8. Let d(y) = 2*a(y) + 5*v(y). What is the remainder when 47 is divided by d(-11)?
7
Suppose -2*g + 5*j = g - 155, 3*j = 6. Suppose -b - 2*n + 3*n = -g, -4*b - n + 230 = 0. What is the remainder when b is divided by 15?
12
Let i = 386 + -202. Suppose q = -3*q + i. Calculate the remainder when q is divided by 12.
10
What is the remainder when 440/(-16)*12/(-5) is divided by (34/(-4))/((-2)/4)?
15
Let n = 13 - 4. Suppose -7*x - 6 = -3*x - 3*g, x + 3*g = -n. Let f(v) = -v**3 - v**2 - 2*v - 4. What is the remainder when 38 is divided by f(x)?
18
Suppose 0 = 5*z - 0*z - 80. Calculate the remainder when 62 is divided by z.
14
Suppose 0 = -5*p + 7*p - 60. Let a = -6 + 17. Calculate the remainder when p is divided by a.
8
What is the remainder when (56/(-6))/((-1)/3) is divided by 8?
4
Let u be (-6)/9*6/4. Let y be ((-14)/4)/(u/10). Suppose -125 - y = -4*k. What is the remainder when k is divided by 21?
19
Let a = 195 - 74. Calculate the remainder when a is divided by 31.
28
Suppose n - 3*n = -6. Suppose 6*r - 42 = n*r. Suppose -4*y = -31 - 1. What is the remainder when r is divided by y?
6
Suppose 4*h + 30 = n + 6, -h - 4*n = 23. Let j(q) = q**3 + 6*q**2 - 6*q + 9. What is the remainder when 4 is divided by j(h)?
0
What is the remainder when 29 is divided by ((-32)/(-10))/((-1)/(-5))?
13
Suppose 0*n + 5*j = 2*n - 73, -j = 5. Suppose x = 43 + n. What is the remainder when x is divided by 17?
16
Let v be 6 - -3*4/6. Suppose -2*w - 4*s = 0, -s + v = 3*w + 3. What is the remainder when w is divided by 2?
0
Let c = 87 - 80. Calculate the remainder when 48 is divided by c.
6
Calculate the remainder when (28/(-6))/((-8)/84) is divided by 17.
15
Let k(i) = -3*i - 11. Let j = 8 + -16. Calculate the remainder when k(j) is divided by 7.
6
Let v(m) = -m**2 - 5*m - 5 + 3 - 2. Let f be v(-3). Suppose -10 = -f*x + 4. Calculate the remainder when 20 is divided by x.
6
Suppose -64 = -g - 3*g. Let u be 1*0/(-1 - -2). Suppose u = 3*l - 3*d - 94 - 29, 0 = d - 5. What is the remainder when l is divided by g?
14
Let q = -90 + 132. What is the remainder when q - (3 - 4)/1 is divided by 15?
13
Let h(q) = 2*q**3 + 2*q**2 - 2*q - 1. Calculate the remainder when 6/(-5 + (-46)/(-9)) is divided by h(2).
16
Suppose -192 - 114 = -6*i. Suppose -3 + 29 = 2*g. Calculate the remainder when i is divided by g.
12
Let j(p) = -p**2 - 8*p - 14. What is the remainder when 2 is divided by j(-5)?
0
Suppose 46 = 3*x - 23. What is the remainder when x is divided by -1 + 0 - (-10 + 1)?
7
Let t be (-4)/10 + 17/5. Let i(a) be the second derivative of a**5/20 - a**4/12 + 5*a**3/6 - a**2 + 22*a. Calculate the remainder when i(t) is divided by 11.
9
Let a(n) = 13*n + 2. Calculate the remainder when a(2) is divided by 3.
1
What is the remainder when 81 is divided by (4 - 0)/(-4)*-22?
15
Suppose 2*w - 5*r = 109, -5*r + 8 + 212 = 5*w. What is the remainder when w is divided by 16?
15
Let a(c) = c**2 - 1. Let r be (1/2)/((-3)/12). What is the remainder when -3*r/3 - -2 is divided by a(-2)?
1
Let y = 1 - -6. Suppose -u - 3*z + y = -3, 2*u + z = 15. What is the remainder when 11 is divided by u?
4
What is the remainder when 6/27 - (1360/(-36) - -5) is divided by 11?
0
What is the remainder when -54*(1 - 12/8) is divided by 7?
6
Suppose -5*n - 144 = -13*n. Calculate the remainder when n is divided by -1*1*(-6 - 1).
4
Suppose -5*b - 2*i = -25, -6*b = -b - 5*i - 25. Suppose 0 = b*o - 255 + 10. What is the remainder when o is divided by 17?
15
Let b(k) = 2*k - 1. Let j be b(3). Suppose 46 = -3*z + j*z. What is the remainder when z is divided by 6?
5
Let b be 22 - ((-6)/3 + 4). What is the remainder when (-1)/(b/7 - 3) is divided by 4?
3
Let z(o) = 4*o + 8. Let l be z(10). Suppose 3*u + l = 7*u. Calculate the remainder when u is divided by 3.
0
Let t be (-3)/(-2) - (-12)/8. Suppose -5*i = -t*h + 44, -5*h - 13 = i - 77. Suppose -3*c = -6*c + 150. Calculate the remainder when c is divided by h.
11
Let d(o) = o**2 - 12*o - 17. Let l = 20 - 6. Calculate the remainder when d(l) is divided by 4.
3
Let n(a) = -1. Let k(b) = 9*b - 3. Let i(g) = k(g) + 6*n(g). Calculate the remainder when i(6) is divided by 24.
21
Suppose -2*g + 25 = 3*g. Suppose 0 = 2*t + 3*o - 6, -2*o - 11 = -3*t - 2. What is the remainder when g is divided by t?
2
Let n(v) = -v**3 - v**2 - 2*v + 5. Calculate the remainder when n(-4) is divided by 32.
29
Let g = -130 - -137. What is the remainder when 19 is divided by g?
5
Suppose 3*s + 8 - 44 = 0. Suppose 0*u + 4*u = 4*t - 12, -4*u + s = 2*t. Let o = t - -5. Calculate the remainder when 26 is divided by o.
8
Suppose 3*o - 77 = -4*c, -4*o + 4*c + 91 = 7*c. Calculate the remainder when o is divided by 5.
4
Let v be -1 - -3 - (2 - 4). Suppose -3*r - s = -20, 0 = r + s + v*s + 12. Calculate the remainder when 31 is divided by r.
7
Let q(n) be the third derivative of n**4/24 + 4*n**3/3 - n**2. Let y be q(-6). What is the remainder when 12 is divided by (-47)/(-7) - y/(-7)?
5
Let u(j) = 11*j**2 - 2*j - 1. Calculate the remainder when 22 is divided by u(-1).
10
Suppose -3*h - 2*o = -4*h + 30, -2*o = -4*h + 114. Let g = 8 + -8. Suppose 5*r + 3 - 53 = g. What is the remainder when h is divided by r?
8
Suppose -i = 5*o - 116, -2*i + 208 = -2*o - 0*o. What is the remainder when i is divided by 28?
22
What is the remainder when (0 - (-16)/6)/(2/129) is divided by 25?
22
Suppose 0 = 10*c - 12*c + 54. What is the remainder when c is divided by 5?
2
Let b(i) = -4*i + 2*i + 7*i - 4 + 4*i. What is the remainder when b(4) is divided by 17?
15
Suppose -2*b = 59 - 273. Calculate the remainder when b is divided by 36.
35
Let j be -1 + -1 - (-5 + 0). Let x be (-2 - -3) + (-8)/4. Let s = j - x. Calculate the remainder when 11 is divided by s.
3
Suppose 0 = -3*m - m + 216. Suppose 5*d - m = -4*s + 24, 0 = -2*d + 5*s + 18. Calculate the remainder when 27 is divided by d.
13
Let j = 114 + -70. What is the remainder when j is divided by 23?
21
Suppose -70 = -21*w + 16*w. Calculate the remainder when 24 is divided by w.
10
Suppose -10*q + 248 = 48. What is the remainder when q is divided by 11?
9
Let k = -15 + 28. What is the remainder when 36 is divided by k?
10
Suppose 4*m - 6 = m. Calculate the remainder when m is divided by 2.
0
Let b = -13 + 20. Let n = b + 0. Let d(o) = -o**3 + 6*o**2 + 10*o - 8. What is the remainder when d(n) is divided by 7?
6
Suppose 2*i = 3*i - 6. Suppose i*v - 3*v - 18 = 0. Calculate the remainder when v is divided by 3.
0
Let v = 11 + 29. What is the remainder when v is divided by 14?
12
Let z be (-3)/6 + (-55)/2. Suppos